{"id":129,"date":"2010-06-27T11:07:12","date_gmt":"2010-06-27T11:07:12","guid":{"rendered":"http:\/\/www.hundeschule-happylife.ch\/?page_id=129"},"modified":"2017-02-02T15:28:41","modified_gmt":"2017-02-02T15:28:41","slug":"thomas-zemp","status":"publish","type":"page","link":"https:\/\/www.hundeschule-happylife.ch\/?page_id=129","title":{"rendered":"Thomas Zemp"},"content":{"rendered":"<p><a href=\"http:\/\/www.hundeschule-happylife.ch\/wp-content\/uploads\/2010\/06\/IMG_6309-800x533.jpg\"><img loading=\"lazy\" class=\"alignleft size-medium wp-image-4984\" alt=\"IMG_6309 (800x533)\" src=\"http:\/\/www.hundeschule-happylife.ch\/wp-content\/uploads\/2010\/06\/IMG_6309-800x533-300x199.jpg\" width=\"300\" height=\"199\" srcset=\"https:\/\/www.hundeschule-happylife.ch\/wp-content\/uploads\/2010\/06\/IMG_6309-800x533-300x199.jpg 300w, https:\/\/www.hundeschule-happylife.ch\/wp-content\/uploads\/2010\/06\/IMG_6309-800x533.jpg 800w\" sizes=\"(max-width: 300px) 100vw, 300px\" \/><\/a><\/p>\n<p><span style=\"color: #888888;\">Schon als Kind war es mein Hobby, Hunde von Nachbarn auszuf\u00fchren. 1983 ging dann mein Traum vom eigenen Hund in Erf\u00fcllung. Ich bekam eher durch Zufall meinen ersten Grosspudel und bin der Rasse bis heute treu geblieben. Im Moment umfasst unser Rudel drei Vertreterinnen dieser Rasse: Aurelia, Cleo, Florice. Seit einigen Jahren z\u00fcchten Gaby und ich diese Rasse im kleinen Rahmen.<\/span><\/p>\n<p><span style=\"color: #888888;\">1991 kam ich dann auch beruflich auf den Hund: Ich begann als Zweitausbildung eine Lehre als Hundecoiffeur und h\u00e4ngte sp\u00e4ter noch die Ausbildung zum Tierpfleger an. Seit 1994 habe ich meinen eigenen Hundesalon in Emmenbr\u00fccke. Seither unterrichte ich auch an der Berufsschule das Fach Rassenkunde.<\/span><\/p>\n<p><span style=\"color: #888888;\">Nebst dem beruflichen Umgang mit Hunden, erg\u00e4nzte ich nat\u00fcrlich immer auch die Aktivit\u00e4ten mit den eigenen Hunden mein Leben. Mit all meinen Hunden habe ich sportlich gearbeitet, im Begleithundebereich und auch im Agility. Mit Florice mache ich NADAC &#8211; weil&#8217;s Spass macht!<\/span><\/p>\n<p><span style=\"color: #888888;\">Mehr als 17 Jahre lang habe ich mich in einem Verein als \u00dcbungsleiter engagiert. Nebst der SKG-Gruppenleiterausbildung habe ich auch die Zertifizierung zum SKN \u2013\u00dcbungsleiter beim BVET erlangt und im Laufe der Jahre nat\u00fcrlich diverse Fortbildungskurse absolviert. Junge Hunde auszubilden liegt mir speziell am Herzen.<\/span><\/p>\n<p><span style=\"color: #888888;\">Gerne helfe ich auch Ihnen und Ihrem Vierbeiner dabei ein tolles Team zu werden, das sich versteht, ein Hundeleben lang.<\/span><\/p>\n","protected":false},"excerpt":{"rendered":"<p>Schon als Kind war es mein Hobby, Hunde von Nachbarn auszuf\u00fchren. 1983 ging dann mein Traum vom eigenen Hund in Erf\u00fcllung. Ich bekam eher durch Zufall meinen ersten Grosspudel und bin der Rasse bis heute treu geblieben. Im Moment umfasst unser Rudel drei Vertreterinnen dieser Rasse: Aurelia, Cleo, Florice. Seit einigen Jahren z\u00fcchten Gaby und ich diese Rasse im kleinen Rahmen.<br \/>\n1991 kam ich dann auch beruflich auf den Hund: Ich begann als Zweitausbildung eine Lehre als Hundecoiffeur und h\u00e4ngte sp\u00e4ter noch die Ausbildung zum Tierpfleger an. Seit 1994 habe ich &#8230;<\/p>\n","protected":false},"author":2,"featured_media":0,"parent":2,"menu_order":3,"comment_status":"closed","ping_status":"closed","template":"","meta":{"ngg_post_thumbnail":0},"_links":{"self":[{"href":"https:\/\/www.hundeschule-happylife.ch\/index.php?rest_route=\/wp\/v2\/pages\/129"}],"collection":[{"href":"https:\/\/www.hundeschule-happylife.ch\/index.php?rest_route=\/wp\/v2\/pages"}],"about":[{"href":"https:\/\/www.hundeschule-happylife.ch\/index.php?rest_route=\/wp\/v2\/types\/page"}],"author":[{"embeddable":true,"href":"https:\/\/www.hundeschule-happylife.ch\/index.php?rest_route=\/wp\/v2\/users\/2"}],"replies":[{"embeddable":true,"href":"https:\/\/www.hundeschule-happylife.ch\/index.php?rest_route=%2Fwp%2Fv2%2Fcomments&post=129"}],"version-history":[{"count":8,"href":"https:\/\/www.hundeschule-happylife.ch\/index.php?rest_route=\/wp\/v2\/pages\/129\/revisions"}],"predecessor-version":[{"id":4980,"href":"https:\/\/www.hundeschule-happylife.ch\/index.php?rest_route=\/wp\/v2\/pages\/129\/revisions\/4980"}],"up":[{"embeddable":true,"href":"https:\/\/www.hundeschule-happylife.ch\/index.php?rest_route=\/wp\/v2\/pages\/2"}],"wp:attachment":[{"href":"https:\/\/www.hundeschule-happylife.ch\/index.php?rest_route=%2Fwp%2Fv2%2Fmedia&parent=129"}],"curies":[{"name":"wp","href":"https:\/\/api.w.org\/{rel}","templated":true}]}}